5 + -8 - (18 - 17)
-4
What is the value of -2 + 1 + -5 + 4?
-2
Calculate (-28 - -9) + 12 + 2.
-5
Evaluate -1 - 1 - (7 + -9).
0
What is the value of (-6 - -2) + 0 - -10?
6
What is 8 + -14 + (0 - (2 + -2))?
-6
Calculate -8 + 4 + (4 - -3).
3
Calculate (13 - 10) + (0 - 8 - 0).
-5
Evaluate -4 + 8 - 0 - 0.
4
Calculate -1 + 1 - (4 - -1).
-5
What is (-5 - 0 - -1) + 9?
5
Evaluate 24 + -24 + 1 + (1 - 0).
2
Evaluate -4 - (0 + 1) - (12 + -20).
3
-5 + (1 - 0 - -10)
6
What is 3 + -6 + (-5 - -10)?
2
Calculate (-4 - (-8 - -4)) + 0.
0
Calculate 4 + 3 + -2 - 4.
1
Calculate 4 - -2 - (24 - 19).
1
Calculate 4 - 4 - (0 + -4 - -1).
3
-9 - (-10 + (12 - 15))
4
What is the value of 9 - (3 + (-1 - -3))?
4
Evaluate (-2 - 3) + -1 + 10.
4
What is the value of 10 + -8 - (-4 + -3 + 7)?
2
What is the value of -4 - -9 - (-1 - -6)?
0
What is -1 + 1 + -4 + -4 + 8?
0
-29 + 27 - (2 - -1)
-5
What is the value of (1 - 5 - -5) + (-3 - 1)?
-3
Evaluate (4 - -5) + -4 + (4 - 6).
3
Calculate -4 + (-1 - -3) + -11 + 10.
-3
Calculate (-3 - 0) + -1 - 2.
-6
Calculate -3 + (4 - (-3 - -6)) + -2.
-4
What is (-15 - -16) + (3 - -2)?
6
What is (5 - 0 - (-2 + 2)) + -2?
3
Evaluate 4 + -2 + 9 + -10.
1
What is the value of 3 + (0 - -12) + -7?
8
Calculate 4 + (7 - 6) - 1.
4
What is -16 + 6 + -3 + 5?
-8
(100 - 89) + (-5 - 0)
6
-1 - 0 - (36 - 36)
-1
What is -2 - (-1 + 8 - -1 - 3)?
-7
Calculate -9 + (1 - (0 - 6 - -5)).
-7
Calculate 2 + 2 + -3 + (-2 - -4).
3
Calculate 7 + (1 - -4 - 7).
5
Calculate (0 - -6) + -5 + -3.
-2
Calculate -7 + -3 + (-6 - -13).
-3
What is the value of 13 - (-9 - -15) - 15?
-8
Evaluate 3 - 4 - (3 + -2).
-2
Evaluate 18 - 19 - (0 - (2 + 2)).
3
(-3 - (2 - 1)) + (4 - 1)
-1
What is the value of 1 + -1 - (-2 - -5 - 6)?
3
Evaluate -1 + -2 - 8 - (37 - 45).
-3
Evaluate 0 + -6 + (-2 - -3).
-5
Evaluate -2 - (-1 + -1) - (12 - 14).
2
-4 + -2 + 4 + -1
-3
Calculate -4 + -4 + 1 + 10.
3
What is the value of 6 + 14 + -6 + -4 + -3?
7
Evaluate 5 + (6 + -4 - 18 - -6).
-5
(0 - 0) + 0 + -4
-4
What is -7 - (-4 + (6 - 4) + -1)?
-4
What is 16 + (-3 - (-3 - -10))?
6
(2 - 11) + 21 - 5
7
Calculate 0 + -2 + -14 + 14.
-2
What is the value of 3 + -8 - (-6 + 3)?
-2
What is 0 + 3 + 0 + -2 - -2?
3
What is 6 - (-2 - -3) - 2?
3
1 + -2 - 5 - -4
-2
Calculate (2 - -2) + -12 - -4.
-4
Calculate 10 + -1 + (-7 - -15) + -13.
4
What is the value of 3 + 1 + 3 + 0 + -3?
4
What is the value of -1 + (1 - 0) - 0 - -1?
1
Calculate 53 + -49 - (-1 + 2 - -1).
2
Calculate -7 + 1 + -2 + 3.
-5
Calculate (6 - 6) + (-1 - 1).
-2
Evaluate 1 + (3 + -6 - -6).
4
Evaluate -1 - (2 + (-4 - -4)).
-3
Evaluate 5 - (-2 + 6) - (7 - 6).
0
What is the value of (-6 - -10 - 0) + (-2 - -3)?
5
(-2 + 4 - 2) + -2 + 1
-1
Evaluate -1 - (4 + 3 - 4) - -7.
3
What is the value of 4 + -7 + 4 + (10 - 2)?
9
What is (-2 - -3) + 0 + 1?
2
0 + -1 - (9 - (0 - -12))
2
What is -2 + (6 - (10 - 0))?
-6
What is the value of (0 - (-2 - 3)) + (40 - 46)?
-1
Evaluate 3 + -7 + (4 - 9) - -2.
-7
Calculate -3 + -13 + 10 + (2 - -1).
-3
Evaluate -2 + (-1 + -2 - (-8 + 3)).
0
Calculate 1 - 0 - 7 - (9 - 13).
-2
(0 - 2 - -4) + (-3 - -5)
4
Evaluate (-2 - (9 + -2)) + (-7 - -11).
-5
(3 - (-9 + 8)) + -4
0
Calculate -11 + 20 + -13 + (7 - 0).
3
-1 - (-1 - -4) - -1 - -7
4
Calculate (2 - (20 - 9)) + 3.
-6
-3 - ((-2 - -6) + (6 - 9))
-4
What is 4 + (-4 - -9 - 4)?
5
Calculate 4 + -6 + 5 + -5.
-2
Calculate -2 + -4 + 1 + 1.
-4
What is the value of 2 + (-3 - 7) - -13?
5
(0 - (-6 - -5)) + -1 + 1
1
What is -3 + 5 - (-8 + (14 - 10))?
6
What is the value of -5 + 4 + 6 + -1?
4
-3 + (2 - (3 - 1)) + -2
-5
What is the value of -3 + (-3 - (-3 - -2))?
-5
What is the value of 2 + 1 - (7 + (-3 - 0))?
-1
4 + -4 + (-2 - -3) + 0
1
Calculate (-6 + (-5 - 0) - -5) + 8.
2
What is -5 - (-6 - -1 - -4 - 3)?
-1
Calculate (5 - 2) + (-5 + -3 - -2).
-3
-8 + (0 - ((-5 - -4) + -2))
-5
Calculate -4 - -14 - (5 + -3).
8
What is the value of 8 + -6 + -4 - (2 - 2)?
-2
Calculate -1 + 9 + 0 + 1 + -4.
5
What is the value of 2 + 4 + (-11 - 0) - -9?
4
7 + (-9 - -4 - 9)
-7
What is -7 - (-14 + 2 + (2 - -1))?
2
Evaluate (-5 - (0 - 1 - 1)) + -2.
-5
Calculate 5 + -1 + -13 + 6.
-3
Calculate 1 - -3 - 1 - 4.
-1
0 + -6 - (12 - (-17 + 38))
3
Calculate (-2 - -1) + (8 - 10).
-3
Calculate -3 + 7 + (-2 - -2) + -1.
3
What is -4 - (22 + -27 + -2 + -2)?
5
What is the value of -6 + (0 - -2) + 5 + 0?
1
7 + -7 + 3 + -1
2
What is the value of -4 + (10 - 2 - (-7 - -7))?
4
8 - 7 - (-4 - -11)
-6
-3 + 4 + -6 - -5
0
Calculate (3 - 1) + (-13 - -7).
-4
6 + (2 + (-2 - -3) - 9)
0
Calculate 4 + -2 + -3 - -6.
5
Evaluate (-8 - -5) + 1 + 4.
2
What is the value of 2 + -5 + (3 - (0 + 0))?
0
-1 + -2 + (7 - (8 + -3))
-1
Calculate -25 + 8 + 5 + 11.
-1
Evaluate 3 - 0 - (0 - 0 - 2).
5
Calculate 4 + 3 + 2 + -1 + -4.
4
What is 0 - (0 - 6 - -3)?
3
Evaluate 1 - (7 + -1 - 2).
-3
What is (-3 - -9) + (1 - 3)?
4
Evaluate (-10 - -8) + 0 - 6.
-8
What is the value of -12 + (-2 - -16 - 9)?
-7
(3 - -1) + (5 - (8 - 5))
6
What is the value of (3 - 1 - -2) + -5?
-1
What is the value of 11 + 1 - (43 + -39)?
8
Calculate (-5 - (6 - 12)) + 4.
5
What is (4 - (0 + 2) - 3) + 4?
3
Evaluate 3 + 3 + 6 + -6 - 6.
0
Evaluate -5 + 1 - ((5 - 10) + 0).
1
Evaluate -1 + -5 + 6 + 0 + 1.
1
What is -10 + 17 + -10 + 1 + 2?
0
Calculate (0 - -6) + (-34 - -28).
0
Calculate 5 - (-2 + 5 + -4 + 1).
5
-10 + 15 - (8 - -3)
-6
What is the value of -3 + (-1 + -1 - -5)?
0
-2 + (4 - 5) - -2
-1
Evaluate -1 + (0 - (-5 - 0 - -3)).
1
Evaluate -5 - -5 - (5 + (0 - 3)).
-2
Calculate -1 + -9 - (-46 - -42).
-6
Calculate -140 + 135 + 7 + 1.
3
6 - (-2 + -2 + 12)
-2
-2 + 10 + 4 + -13
-1
-12 + 22 + -7 + 11 + -7
7
Evaluate -60 + 56 + 6 + 1.
3
Evaluate 3 + (-8 - -7 - (6 - 2)).
-2
1 + -1 - (-8 + 6 - 5)
7
What is (-7 - -2 - -9) + 0 + -5?
-1
What is -6 - (-2 + 0 - (8 + -10))?
-6
What is (-5 + 4 - 9) + 5 - -4?
-1
What is the value of 0 - (-1 + (4 - 2))?
-1
Evaluate 1 - (4 + -3 + 3).
-3
Evaluate -13 + (-58 - -55) + (0 - -7).
-9
Evaluate 1 + 7 + -4 - 1.
3
What is the value of -5 - -9 - 7 - (0 + -4)?
1
Evaluate 3 - (8 - (-3 - -6 - 4)).
-6
What is the value of -7 + 8 + 6 + -6?
1
What is -7 + 1 + 3 + -2?
-5
Evaluate -124 - -143 - (10 + -1).
10
What is 2 + (1 + -5 + 3 - -2)?
3
What is 8 - ((2 - (-7 + 5)) + 1)?
3
Calculate -17 + 10 + -13 + 12.
-8
What is -4 - (0 + -6 + 8)?
-6
(-48 - -54) + -12 + -2
-8
Evaluate (1 - (0 - -5)) + (64 - 51).
9
Evaluate 2 + -8 + 3 + 4 - 4.
-3
5 + (-3 - 4 - -1)
-1
-6 + (-14 + 8 - -17 - 1)
4
What is the value of 3 - ((-7 - -11) + -4)?
3
Calculate 9 + (-1 + -6 - -7).
9
What is the value of 5 - (4 - (6 - 7))?
0
Evaluate 6 + (-9 - -1 - (-26 - -19)).
5
What is (-25 - -25) + (2 - 0) - 6?
-4
4 + 0 + -6 + -1
-3
What is the value of 4 + -1 + 0 + -71 + 72?
4
((11 - 4) + -3 - 2) + -6
-4
What is -131 + 130 + (1 - -8)?
8
Calculate -6 + 5 + -3 + 1 - -1.
-2
What is -4 - (-4 + 4 - 10)?
6
What is the value of 29 + -17 + -12 + 7 + -3?
4
What is 1 + 0 + 5 + -1 + -2?
3
Evaluate -3 + (-2 - (-4 + -2)).
1
What is -11 - (-7 - (-10 + 13))?
-1
Calculate (-5 - 2) + 4 + -4 - -8.
1
-7 + 5 - (-11 - -14)
-5
What is (4 - (-3 + 4)) + (-2 - 2)?
-1
Evaluate -1 + 0 + (-10 - -15).
4
What is -14 + 11 + 8 + -2?
3
Calculate 5 + (-17 - -4) + 9.
1
Evaluate 9 + (8 - 12) + 2.
7
Calculate (-2 - 4) + (6 - 1).
-1
Evaluate -8 + (-6 - -17) + -8.
-5
Evaluate (11 - 7) + 2 + -1.
5
What is (1 - 8) + 18 + 2 + -10?
3
-3 + (0 - -4 - -6)
7
What is -15 + 4 + 16 - (1 - -1)?
3
Evaluate -12 + 6 - -13 - (4 - -1).
2
Evaluate 58 + -56 - (0 - -13) - -3.
-8
(0 - -1) + -22 + 24
3
Calculate (4 - 2) + 2 + (-5 - -1).
0
Evaluate -5 + (-1 - 0) + (31 - 30).
-5
Evaluate (2 - (20 + -9)) + 7.
-2
Evaluate -5 + (9 - (1 + 0)).
3
What is the value of (17 - (-2 - -8)) + -6?
5
Calculate -15 + 17 + 1 + -1.
2
2 + 1 + (-10 - -3 - 0)
-4
Calculate -3 + 3 + (1 - 10) + 4.
-5
Evaluate (-14 - -15) + -6 + 1.
-4
(5 - 4) + -5 + 0
-4
What is the value of 2 - -1 - (3 + -5 - -5)?
0
What is 11 - (2 + -8 - -13)?
4
What is (-2 - 0 - -1) + -2?
-3
Calculate -3 + (3 - -2) + (0 - 3).
-1
6 + (-7 - (-2 - 2))
3
-6 + (-2 - -4 - -4)
0
What is (-6 - (-7 + 4)) + -1?
-4
What is 3 + -4 + -1 - -7?
5
Evaluate (-5 - (5 + 9)) + 10.
-9
What is the value of -4 + -1 + (3 + -6 - -3)?
-5
What is -4 + (3 - (1 - 3))?
1
4 - (2 + 4 - 6)
4
What is the value of 203 + -194 - (2 - -1)?
6
What is 38 + -35 + 6 + 1 + -4?
6
3 + -3 + -4 - -1 - -8
5
Calculate 1 - -